{"id":4966,"date":"2023-09-14T09:28:56","date_gmt":"2023-09-14T09:28:56","guid":{"rendered":"https:\/\/www.minicity.it\/blog\/?page_id=4966"},"modified":"2023-10-06T10:55:58","modified_gmt":"2023-10-06T10:55:58","slug":"privacy-policy","status":"publish","type":"page","link":"https:\/\/www.minicity.it\/blog\/privacy-policy\/","title":{"rendered":"Privacy policy"},"content":{"rendered":"<p><strong>INFORMAZIONI SUL TRATTAMENTO DEI DATI PERSONALI AI SENSI DELL&#8217;ARTICOLO 13 DEL REGOLAMENTO (UE) 2016\/679<\/strong><\/p>\n<p>Soggetti interessati: utenti che consultano il sito web www.minicity.it\/blog di \u201c\u00c8dita srl\u201d<\/p>\n<p><strong>PERCH\u00c9 QUESTE INFORMAZIONI<\/strong><br \/>\nAi sensi del Regolamento (UE) 2016\/679 (di seguito &#8220;Regolamento&#8221;, o \u201cGDPR\u201d), questa pagina descrive le modalit\u00e0 di trattamento dei dati personali degli utenti che consultano il sito internet di \u201c\u00c8dita srl\u201d accessibili per via telematica al seguente indirizzo: web www.minicity.it\/blog<br \/>\nLe presenti informazioni non riguardano altri siti, pagine o servizi online raggiungibili tramite link ipertestuali eventualmente pubblicati in questo sito, ma riferiti a risorse esterne al dominio web www.minicity.it\/blog<\/p>\n<p><strong>TITOLARE DEL TRATTAMENTO<\/strong><br \/>\nA seguito della consultazione del sito possono essere trattati dati relativi a persone fisiche identificate o identificabili.<br \/>\nTitolare del trattamento \u00e8 \u201c\u00c8dita srl\u201d, con sede legale ed operativa in via Flaminia 138, P.iva: 02195340407<\/p>\n<p><strong>TIPI DI DATI TRATTATI, FINALIT\u00c0 DEL TRATTAMENTO E BASE GIURIDICA<\/strong><\/p>\n<p><strong>1) Dati di navigazione<\/strong><br \/>\nBase giuridica: \u201ctrattamenti dati necessari alla navigazione del sito internet\u201d \u2013 obbligo di contratto \u2013 art. 6 par. 1 lettera b) GDPR<br \/>\nI sistemi informatici e le procedure software preposte al funzionamento di questo sito acquisiscono, nel corso del loro normale esercizio, alcuni dati personali la cui trasmissione \u00e8 implicita nell&#8217;uso dei protocolli di comunicazione di Internet.<\/p>\n<p>In questa categoria di dati rientrano gli indirizzi IP o i nomi a dominio dei computer e dei terminali utilizzati dagli utenti, gli indirizzi in notazione URI\/URL (Uniform Resource Identifier\/Locator) delle risorse richieste, l&#8217;orario della richiesta, il metodo utilizzato nel sottoporre la richiesta al server, la dimensione del file ottenuto in risposta, il codice numerico indicante lo stato della risposta data dal server (buon fine, errore, ecc.) ed altri parametri relativi al sistema operativo e all&#8217;ambiente informatico dell&#8217;utente.<\/p>\n<p>Tali dati, necessari per navigare nel Sito e per fruire delle informazioni in esso contenute, vengono anche trattati dal titolare allo scopo di:<\/p>\n<ul>\n<li>ottenere informazioni statistiche aggregate ed anonime in merito all\u2019utilizzo del Sito (pagine pi\u00f9 visitate, numero di visitatori per fascia oraria o giornaliera, aree geografiche di provenienza dei visitatori, ecc.);<\/li>\n<li>controllare la corretta fruibilit\u00e0 dei contenuti offerti dal Sito;<\/li>\n<li>prevenire o contrastare ogni possibile illecito informatico, l\u2019utilizzo fraudolento delle funzionalit\u00e0 disponibili sul sito, anche al fine della ricostruzione degli incidenti di sicurezza e loro tracciabilit\u00e0.<\/li>\n<\/ul>\n<p><strong>Durata della conservazione:<\/strong><br \/>\nI dati di navigazione nel rispetto dei principi di liceit\u00e0, limitazione delle finalit\u00e0, minimizzazione dei dati, ai sensi dell\u2019art. 5 del GDPR, saranno conservati per un arco di tempo non superiore al conseguimento delle finalit\u00e0 tecniche descritte precedentemente per le quali sono raccolti e trattati, salve eventuali necessit\u00e0 di accertamento di reati da parte dell&#8217;Autorit\u00e0 giudiziaria.<\/p>\n<p><strong>2) Dati comunicati dall&#8217;utente<\/strong><br \/>\nBase giuridica: \u201ctrattamenti dati necessari a rispondere alle domande degli utenti\u201d \u2013 obbligo di contratto \u2013 art. 6 par. 1 lettera b) GDPR<\/p>\n<p>L&#8217;invio facoltativo, esplicito e volontario di messaggi agli indirizzi di contatto di \u201c\u00c8dita srl\u201d, i messaggi privati inviati dagli utenti ai profili\/pagine istituzionali e sui social media (laddove questa possibilit\u00e0 sia prevista), nonch\u00e9 la compilazione e l&#8217;inoltro dei moduli presenti sui siti di \u201cEDITA S.R.L.\u201d, comportano l&#8217;acquisizione dei dati di contatto del mittente, necessari a rispondere, nonch\u00e9 di tutti i dati personali inclusi nelle medesime comunicazioni.<br \/>\nSpecifiche informative sono pubblicate nelle pagine del sito predisposte per l&#8217;erogazione di determinati servizi, ove necessario viene raccolto il consenso dell\u2019utente informando di volta in volta sulle finalit\u00e0 e sulla facoltativit\u00e0 del conferimento.<\/p>\n<p>Durata della conservazione:<br \/>\nI dati comunicati dall\u2019utente sono conservati per il tempo necessario a gestire le singole richieste, l\u2019eventuale successiva conservazione per finalit\u00e0 statistiche prevede l\u2019anonimizzazione di tali dati (salve eventuali necessit\u00e0 di accertamento di reati da parte dell&#8217;Autorit\u00e0 giudiziaria).<\/p>\n<p><strong>3) Cookie e altri sistemi di tracciamento<\/strong><br \/>\nViene fatto uso di:<\/p>\n<ul>\n<li>cookie tecnici necessari per la navigazione degli utenti, agevolano la corretta navigazione del sito e la fruibilit\u00e0 dei contenuti da parte dell\u2019utente. Base giuridica: \u201ccontratto in quanto funzionali e necessari\u201d.<\/li>\n<li>cookie analitici utilizzati per elaborare analisi statistiche aggregate sull\u2019uso e sull\u2019interazione con il sito da parte dell\u2019utente. Previo consenso dell\u2019utente. Base giuridica: \u201cconsenso\u201d.<\/li>\n<li>I cookie di profilazione consentono di raccogliere informazioni circa le preferenze manifestate dall\u2019utente nell\u2019ambito della navigazione ed elaborare resoconti destinati ad essere utilizzati per campagne pubblicitarie e di marketing mirate. Base giuridica: \u201cconsenso\u201d.<\/li>\n<\/ul>\n<p>Le informazioni sul trattamento dei dati, la finalit\u00e0, la durata e la gestione completa dei cookie, compreso il loro consenso e la revoca, sono disponibili nel documento \u201cCookie Policy\u201d presente anche nel pi\u00e8 di pagina.<\/p>\n<p><strong>4) Social Media Policy:<\/strong> Informazioni circa il trattamento dei dati personali effettuati attraverso le piattaforme di Social Media utilizzate<\/p>\n<p>Per le informazioni sui trattamenti di dati personali effettuati dai gestori delle piattaforme di Social Media si rimanda alle informazioni da questi rese attraverso le rispettive privacy policy. Il Titolare del trattamento tratta i dati personali conferiti dagli utenti attraverso le pagine delle piattaforme di Social Media dedicate,<br \/>\nnell\u2019ambito delle sue finalit\u00e0 di promozione e pubblicizzazione aziendale, per gestire le interazioni con gli utenti stessi (commenti, post pubblici, messaggi, condivisioni, etc.) nel rispetto della normativa vigente in materia di protezione dei dati personali e della presente informativa; ove necessario viene raccolto il consenso dell\u2019utente informando di volta in volta sulle finalit\u00e0 e sulla facoltativit\u00e0 del conferimento.<br \/>\nI dati personali o \u201csensibili\u201d inseriti in commenti o post pubblici all\u2019interno dei canali sui social media potranno essere rimossi.<\/p>\n<p>Le piattaforme utilizzate sono:<br \/>\n\u2022 Facebook <a href=\"https:\/\/www.facebook.com\/edita.rimini\">https:\/\/www.facebook.com\/edita.rimini<\/a><br \/>\n\u2022 Instagram <a href=\"https:\/\/www.instagram.com\/editarimini\">https:\/\/www.instagram.com\/editarimini<\/a><br \/>\n\u2022 Linkedin https:\/\/www.linkedin.com\/company\/edita<\/p>\n<p><strong>DESTINATARI DEI DATI<\/strong><br \/>\nSono destinatari dei dati raccolti a seguito della consultazione di alcuni dei servizi sopra elencati alcuni soggetti designati dal Titolare ai sensi dell&#8217;articolo 28 del Regolamento, quali responsabili del trattamento, ed altri ulteriori fornitori di servizi nell\u2019ambito delle web-agency, comunicazione digitale, assistenza sistemistica, ed eventuali altri fornitori di servizi digitali per i quali \u00e8 possibile richiedere l\u2019elenco completo scrivendo a privacy@edita.it.<br \/>\nAlcuni dati ed informazioni potranno essere trasmessi od acquisiti da parte di soggetti identificati in qualit\u00e0 di titolari autonomi, tali dati sono relativi ai cookie che solitamente sono anonimizzati prima dell\u2019invio, per finalit\u00e0 statistica. Qualora sia previsto il trasferimento in Paesi Extra Ue saranno indicate le misure di garanzia intraprese, descritte nel paragrafo 6 del presente documento.<\/p>\n<p>I dati personali raccolti sono altres\u00ec trattati dal personale di \u201c\u00c8dita srl\u201d, che agisce sulla base di specifiche istruzioni fornite in ordine a finalit\u00e0 e modalit\u00e0 del trattamento medesimo.<\/p>\n<p><strong>SICUREZZA DEL TRATTAMENTO<\/strong><br \/>\nI dati personali trasmessi e conservati per il tempo necessario alle finalit\u00e0 dichiarate sono protetti da specifiche misure di sicurezza tecniche organizzative in riferimento all\u2019art. 32 del Regolamento, in grado di garantire su base permanente la riservatezza, l\u2019integrit\u00e0, la disponibilit\u00e0, nonch\u00e8 la capacit\u00e0 di ripristinare tempestivamente la disponibilit\u00e0 e l\u2019accesso dei dati personali in caso di incidente fisico o tecnico, anche a fronte dei rischi di distruzione, perdita, modifica, divulgazione non autorizzata o dall\u2019accesso, in modo accidentale o illecito, a dati personali trasmessi, conservati o comunque trattati.<\/p>\n<p><strong>TRASFERIMENTO DI DATI PERSONALI IN PAESI EXTRA UE<\/strong><br \/>\nIl titolare non trasferisce dati personali in Paesi Extra UE. Qualora ve ne sia la necessit\u00e0 saranno previamente informati gli interessati, e verranno adottate misure di garanzia per il trasferimento nei confronti dei destinatari, che a seconda delle casistiche potranno essere: verifica dell\u2019esistenza di decisioni di adeguatezza per il Paese destinatario da parte della Commissione, sottoscrizione di clausole contrattuali standard, verifica dell\u2019adozione di eventuali misure supplementari in recepimento della raccomandazione 01\/2020 EDPB. In deroga a tali garanzie, per i trattamenti dati (in rif. dell\u2019art. 49 del GDPR), ove applicabile si verifica l\u2019esistenza di un contratto o misure precontrattuali a favore del soggetto interessato od il consenso al trasferimento.<\/p>\n<p><strong>DIRITTI DEGLI INTERESSATI<\/strong><br \/>\nGli interessati hanno il diritto di ottenere da \u201cEDITA S.R.L.\u201d, nei casi previsti, l&#8217;accesso ai propri dati personali, la rettifica, la cancellazione degli stessi, la limitazione del trattamento che li riguarda, la portabilit\u00e0, o di opporsi al trattamento e di revocare il consenso (ove utilizzato come base giuridica) in riferimento agli artt. da 15 a 22 del Regolamento).<br \/>\nLa richiesta \u00e8 presentata attraverso i dati di contatto di \u201c\u00c8dita srl\u201d, con sede legale ed operativa invia Flaminia 138.<br \/>\nPer l\u2019esercizio dei diritti \u00e8 possibile altres\u00ec utilizzare il modello predisposto e disponibile sul sito internet dell\u2019Autorit\u00e0 Garante per la protezione dei dati a questo link: https:\/\/www.garanteprivacy.it\/web\/guest\/home\/docweb\/-\/docweb-display\/docweb\/9038275<\/p>\n<p><strong>DIRITTO DI RECLAMO<\/strong><br \/>\nGli interessati che ritengono che il trattamento dei dati personali a loro riferiti effettuato attraverso questo sito avvenga in violazione di quanto previsto dal Regolamento hanno il diritto di proporre reclamo al Garante, come previsto dall&#8217;art. 77 del Regolamento stesso, o di adire le opportune sedi giudiziarie (art. 79 del Regolamento). Il modello per proporre reclamo \u00e8 disponibile sul sito internet dell\u2019Autorit\u00e0 Garante per la protezione dei dati a questo link: https:\/\/www.garanteprivacy.it\/home\/docweb\/-\/docweb-display\/docweb\/4535524<\/p>\n","protected":false},"excerpt":{"rendered":"<p>INFORMAZIONI SUL TRATTAMENTO DEI DATI PERSONALI AI SENSI DELL&rsquo;ARTICOLO 13 DEL REGOLAMENTO (UE) 2016\/679 Soggetti interessati: utenti che consultano il sito web www.minicity.it\/blog di &ldquo;&Egrave;dita srl&rdquo; PERCH&Eacute; QUESTE INFORMAZIONI Ai sensi del Regolamento (UE) 2016\/679 (di seguito &ldquo;Regolamento&rdquo;, o &ldquo;GDPR&rdquo;), questa pagina descrive le modalit&agrave; di trattamento dei dati personali degli utenti che consultano il &#8230;<a class=\"post-readmore\" href=\"https:\/\/www.minicity.it\/blog\/privacy-policy\/\">read more<\/a><\/p>\n","protected":false},"author":1,"featured_media":0,"parent":0,"menu_order":0,"comment_status":"closed","ping_status":"closed","template":"","meta":{"footnotes":""},"class_list":["post-4966","page","type-page","status-publish","hentry"],"aioseo_notices":[],"_links":{"self":[{"href":"https:\/\/www.minicity.it\/blog\/wp-json\/wp\/v2\/pages\/4966","targetHints":{"allow":["GET"]}}],"collection":[{"href":"https:\/\/www.minicity.it\/blog\/wp-json\/wp\/v2\/pages"}],"about":[{"href":"https:\/\/www.minicity.it\/blog\/wp-json\/wp\/v2\/types\/page"}],"author":[{"embeddable":true,"href":"https:\/\/www.minicity.it\/blog\/wp-json\/wp\/v2\/users\/1"}],"replies":[{"embeddable":true,"href":"https:\/\/www.minicity.it\/blog\/wp-json\/wp\/v2\/comments?post=4966"}],"version-history":[{"count":5,"href":"https:\/\/www.minicity.it\/blog\/wp-json\/wp\/v2\/pages\/4966\/revisions"}],"predecessor-version":[{"id":4980,"href":"https:\/\/www.minicity.it\/blog\/wp-json\/wp\/v2\/pages\/4966\/revisions\/4980"}],"wp:attachment":[{"href":"https:\/\/www.minicity.it\/blog\/wp-json\/wp\/v2\/media?parent=4966"}],"curies":[{"name":"wp","href":"https:\/\/api.w.org\/{rel}","templated":true}]}}

<p><strong>INFORMAZIONI SUL TRATTAMENTO DEI DATI PERSONALI AI SENSI DELL&#8217;ARTICOLO 13 DEL REGOLAMENTO (UE) 2016/679</strong></p>
<p>Soggetti interessati: utenti che consultano il sito web www.minicity.it/blog di “Èdita srl”</p>
<p><strong>PERCHÉ QUESTE INFORMAZIONI</strong><br />
Ai sensi del Regolamento (UE) 2016/679 (di seguito &#8220;Regolamento&#8221;, o “GDPR”), questa pagina descrive le modalità di trattamento dei dati personali degli utenti che consultano il sito internet di “Èdita srl” accessibili per via telematica al seguente indirizzo: web www.minicity.it/blog<br />
Le presenti informazioni non riguardano altri siti, pagine o servizi online raggiungibili tramite link ipertestuali eventualmente pubblicati in questo sito, ma riferiti a risorse esterne al dominio web www.minicity.it/blog</p>
<p><strong>TITOLARE DEL TRATTAMENTO</strong><br />
A seguito della consultazione del sito possono essere trattati dati relativi a persone fisiche identificate o identificabili.<br />
Titolare del trattamento è “Èdita srl”, con sede legale ed operativa in via Flaminia 138, P.iva: 02195340407</p>
<p><strong>TIPI DI DATI TRATTATI, FINALITÀ DEL TRATTAMENTO E BASE GIURIDICA</strong></p>
<p><strong>1) Dati di navigazione</strong><br />
Base giuridica: “trattamenti dati necessari alla navigazione del sito internet” – obbligo di contratto – art. 6 par. 1 lettera b) GDPR<br />
I sistemi informatici e le procedure software preposte al funzionamento di questo sito acquisiscono, nel corso del loro normale esercizio, alcuni dati personali la cui trasmissione è implicita nell&#8217;uso dei protocolli di comunicazione di Internet.</p>
<p>In questa categoria di dati rientrano gli indirizzi IP o i nomi a dominio dei computer e dei terminali utilizzati dagli utenti, gli indirizzi in notazione URI/URL (Uniform Resource Identifier/Locator) delle risorse richieste, l&#8217;orario della richiesta, il metodo utilizzato nel sottoporre la richiesta al server, la dimensione del file ottenuto in risposta, il codice numerico indicante lo stato della risposta data dal server (buon fine, errore, ecc.) ed altri parametri relativi al sistema operativo e all&#8217;ambiente informatico dell&#8217;utente.</p>
<p>Tali dati, necessari per navigare nel Sito e per fruire delle informazioni in esso contenute, vengono anche trattati dal titolare allo scopo di:</p>
<ul>
<li>ottenere informazioni statistiche aggregate ed anonime in merito all’utilizzo del Sito (pagine più visitate, numero di visitatori per fascia oraria o giornaliera, aree geografiche di provenienza dei visitatori, ecc.);</li>
<li>controllare la corretta fruibilità dei contenuti offerti dal Sito;</li>
<li>prevenire o contrastare ogni possibile illecito informatico, l’utilizzo fraudolento delle funzionalità disponibili sul sito, anche al fine della ricostruzione degli incidenti di sicurezza e loro tracciabilità.</li>
</ul>
<p><strong>Durata della conservazione:</strong><br />
I dati di navigazione nel rispetto dei principi di liceità, limitazione delle finalità, minimizzazione dei dati, ai sensi dell’art. 5 del GDPR, saranno conservati per un arco di tempo non superiore al conseguimento delle finalità tecniche descritte precedentemente per le quali sono raccolti e trattati, salve eventuali necessità di accertamento di reati da parte dell&#8217;Autorità giudiziaria.</p>
<p><strong>2) Dati comunicati dall&#8217;utente</strong><br />
Base giuridica: “trattamenti dati necessari a rispondere alle domande degli utenti” – obbligo di contratto – art. 6 par. 1 lettera b) GDPR</p>
<p>L&#8217;invio facoltativo, esplicito e volontario di messaggi agli indirizzi di contatto di “Èdita srl”, i messaggi privati inviati dagli utenti ai profili/pagine istituzionali e sui social media (laddove questa possibilità sia prevista), nonché la compilazione e l&#8217;inoltro dei moduli presenti sui siti di “EDITA S.R.L.”, comportano l&#8217;acquisizione dei dati di contatto del mittente, necessari a rispondere, nonché di tutti i dati personali inclusi nelle medesime comunicazioni.<br />
Specifiche informative sono pubblicate nelle pagine del sito predisposte per l&#8217;erogazione di determinati servizi, ove necessario viene raccolto il consenso dell’utente informando di volta in volta sulle finalità e sulla facoltatività del conferimento.</p>
<p>Durata della conservazione:<br />
I dati comunicati dall’utente sono conservati per il tempo necessario a gestire le singole richieste, l’eventuale successiva conservazione per finalità statistiche prevede l’anonimizzazione di tali dati (salve eventuali necessità di accertamento di reati da parte dell&#8217;Autorità giudiziaria).</p>
<p><strong>3) Cookie e altri sistemi di tracciamento</strong><br />
Viene fatto uso di:</p>
<ul>
<li>cookie tecnici necessari per la navigazione degli utenti, agevolano la corretta navigazione del sito e la fruibilità dei contenuti da parte dell’utente. Base giuridica: “contratto in quanto funzionali e necessari”.</li>
<li>cookie analitici utilizzati per elaborare analisi statistiche aggregate sull’uso e sull’interazione con il sito da parte dell’utente. Previo consenso dell’utente. Base giuridica: “consenso”.</li>
<li>I cookie di profilazione consentono di raccogliere informazioni circa le preferenze manifestate dall’utente nell’ambito della navigazione ed elaborare resoconti destinati ad essere utilizzati per campagne pubblicitarie e di marketing mirate. Base giuridica: “consenso”.</li>
</ul>
<p>Le informazioni sul trattamento dei dati, la finalità, la durata e la gestione completa dei cookie, compreso il loro consenso e la revoca, sono disponibili nel documento “Cookie Policy” presente anche nel piè di pagina.</p>
<p><strong>4) Social Media Policy:</strong> Informazioni circa il trattamento dei dati personali effettuati attraverso le piattaforme di Social Media utilizzate</p>
<p>Per le informazioni sui trattamenti di dati personali effettuati dai gestori delle piattaforme di Social Media si rimanda alle informazioni da questi rese attraverso le rispettive privacy policy. Il Titolare del trattamento tratta i dati personali conferiti dagli utenti attraverso le pagine delle piattaforme di Social Media dedicate,<br />
nell’ambito delle sue finalità di promozione e pubblicizzazione aziendale, per gestire le interazioni con gli utenti stessi (commenti, post pubblici, messaggi, condivisioni, etc.) nel rispetto della normativa vigente in materia di protezione dei dati personali e della presente informativa; ove necessario viene raccolto il consenso dell’utente informando di volta in volta sulle finalità e sulla facoltatività del conferimento.<br />
I dati personali o “sensibili” inseriti in commenti o post pubblici all’interno dei canali sui social media potranno essere rimossi.</p>
<p>Le piattaforme utilizzate sono:<br />
• Facebook <a href="https://www.facebook.com/edita.rimini">https://www.facebook.com/edita.rimini</a><br />
• Instagram <a href="https://www.instagram.com/editarimini">https://www.instagram.com/editarimini</a><br />
• Linkedin https://www.linkedin.com/company/edita</p>
<p><strong>DESTINATARI DEI DATI</strong><br />
Sono destinatari dei dati raccolti a seguito della consultazione di alcuni dei servizi sopra elencati alcuni soggetti designati dal Titolare ai sensi dell&#8217;articolo 28 del Regolamento, quali responsabili del trattamento, ed altri ulteriori fornitori di servizi nell’ambito delle web-agency, comunicazione digitale, assistenza sistemistica, ed eventuali altri fornitori di servizi digitali per i quali è possibile richiedere l’elenco completo scrivendo a privacy@edita.it.<br />
Alcuni dati ed informazioni potranno essere trasmessi od acquisiti da parte di soggetti identificati in qualità di titolari autonomi, tali dati sono relativi ai cookie che solitamente sono anonimizzati prima dell’invio, per finalità statistica. Qualora sia previsto il trasferimento in Paesi Extra Ue saranno indicate le misure di garanzia intraprese, descritte nel paragrafo 6 del presente documento.</p>
<p>I dati personali raccolti sono altresì trattati dal personale di “Èdita srl”, che agisce sulla base di specifiche istruzioni fornite in ordine a finalità e modalità del trattamento medesimo.</p>
<p><strong>SICUREZZA DEL TRATTAMENTO</strong><br />
I dati personali trasmessi e conservati per il tempo necessario alle finalità dichiarate sono protetti da specifiche misure di sicurezza tecniche organizzative in riferimento all’art. 32 del Regolamento, in grado di garantire su base permanente la riservatezza, l’integrità, la disponibilità, nonchè la capacità di ripristinare tempestivamente la disponibilità e l’accesso dei dati personali in caso di incidente fisico o tecnico, anche a fronte dei rischi di distruzione, perdita, modifica, divulgazione non autorizzata o dall’accesso, in modo accidentale o illecito, a dati personali trasmessi, conservati o comunque trattati.</p>
<p><strong>TRASFERIMENTO DI DATI PERSONALI IN PAESI EXTRA UE</strong><br />
Il titolare non trasferisce dati personali in Paesi Extra UE. Qualora ve ne sia la necessità saranno previamente informati gli interessati, e verranno adottate misure di garanzia per il trasferimento nei confronti dei destinatari, che a seconda delle casistiche potranno essere: verifica dell’esistenza di decisioni di adeguatezza per il Paese destinatario da parte della Commissione, sottoscrizione di clausole contrattuali standard, verifica dell’adozione di eventuali misure supplementari in recepimento della raccomandazione 01/2020 EDPB. In deroga a tali garanzie, per i trattamenti dati (in rif. dell’art. 49 del GDPR), ove applicabile si verifica l’esistenza di un contratto o misure precontrattuali a favore del soggetto interessato od il consenso al trasferimento.</p>
<p><strong>DIRITTI DEGLI INTERESSATI</strong><br />
Gli interessati hanno il diritto di ottenere da “EDITA S.R.L.”, nei casi previsti, l&#8217;accesso ai propri dati personali, la rettifica, la cancellazione degli stessi, la limitazione del trattamento che li riguarda, la portabilità, o di opporsi al trattamento e di revocare il consenso (ove utilizzato come base giuridica) in riferimento agli artt. da 15 a 22 del Regolamento).<br />
La richiesta è presentata attraverso i dati di contatto di “Èdita srl”, con sede legale ed operativa invia Flaminia 138.<br />
Per l’esercizio dei diritti è possibile altresì utilizzare il modello predisposto e disponibile sul sito internet dell’Autorità Garante per la protezione dei dati a questo link: https://www.garanteprivacy.it/web/guest/home/docweb/-/docweb-display/docweb/9038275</p>
<p><strong>DIRITTO DI RECLAMO</strong><br />
Gli interessati che ritengono che il trattamento dei dati personali a loro riferiti effettuato attraverso questo sito avvenga in violazione di quanto previsto dal Regolamento hanno il diritto di proporre reclamo al Garante, come previsto dall&#8217;art. 77 del Regolamento stesso, o di adire le opportune sedi giudiziarie (art. 79 del Regolamento). Il modello per proporre reclamo è disponibile sul sito internet dell’Autorità Garante per la protezione dei dati a questo link: https://www.garanteprivacy.it/home/docweb/-/docweb-display/docweb/4535524</p>
